. Determine l(34).
-8
Let z(i) = i**3 + 48*i**2 - 76*i + 1209. What is z(-50)?
9
Let d(l) = -l**3 - 2*l**2 + 16*l + 185. Give d(6).
-7
Let m(w) = -w**3 - 4*w**2 - 2*w + 1143. Determine m(0).
1143
Let c(s) = -2*s**3 - 4*s**2 + 8*s + 50. What is c(-3)?
44
Let d(g) = g**3 + 14*g**2 - 57*g - 92. Give d(-17).
10
Let q(c) = -26*c + 350. Give q(11).
64
Let j(t) = 211*t - 603. What is j(2)?
-181
Let o(h) = 164*h + 2. Give o(0).
2
Let c(b) = -14*b**2 + 10*b - 6. Give c(3).
-102
Let m(z) = z**3 + 24*z**2 + 79*z + 252. What is m(-21)?
-84
Let h(k) = 7*k**2 + 68*k - 61. Calculate h(-11).
38
Let o(h) = 3*h**2 + 134*h - 184. Give o(-46).
0
Let i(a) = 39*a + 538. Give i(-14).
-8
Let j(w) = -w**2 + 1129*w + 4515. Determine j(-4).
-17
Let m(z) = -z**2 - 12*z - 20. What is m(-2)?
0
Let z(k) = 6*k**3 + 4*k**2 + 10*k + 4. Calculate z(-3).
-152
Let h(s) = -75*s - 1732. Determine h(-23).
-7
Let w(t) = 370*t**2 - 9*t - 5. What is w(-1)?
374
Let f(g) = g**3 - 11*g**2 + 20*g + 28. Give f(8).
-4
Let k(g) = g**3 + 4*g**2 - 29*g - 5. What is k(-5)?
115
Let u(n) = -2*n**3 + 10*n**2 - 19*n + 186. Give u(6).
0
Let w(x) = -26*x + 480. What is w(18)?
12
Let q(j) = 73*j + 152. Determine q(-2).
6
Let h(u) = 3*u**2 - 44*u - 159. Calculate h(25).
616
Let i(b) = -33*b**3 - 298*b**2 - 17*b - 1. Give i(-9).
71
Let x(g) = -21*g - 380. Calculate x(-14).
-86
Let k(a) = 517*a - 16041. Determine k(31).
-14
Let f(v) = -1157*v - 57826. What is f(-50)?
24
Let n(x) = 15*x - 203. Determine n(14).
7
Let w(p) = -p**3 + 20*p**2 - 37*p - 76. Calculate w(18).
-94
Let k(p) = -5*p**2 + 27*p + 23. What is k(6)?
5
Let j(h) = -19*h - 160. What is j(-6)?
-46
Let y(u) = 2*u - 19. Give y(-19).
-57
Let m(f) = 4*f**3 + 19*f**2 - 2*f + 42. Calculate m(-5).
27
Let j(p) = 2*p**3 + 87*p**2 + 524*p + 91. Determine j(-7).
0
Let u(j) = 4*j**3 - 12*j**2 - 76*j + 314. Determine u(4).
74
Let c(a) = 424*a - 2327. Calculate c(5).
-207
Let x(m) = -48*m + 921. What is x(17)?
105
Let n(t) = -287*t + 26413. What is n(92)?
9
Let t(f) = -f**3 - 295*f**2 - 11*f - 3207. What is t(-295)?
38
Let m(w) = w**3 - 13*w**2 - 12*w - 264. Calculate m(15).
6
Let g(u) = -u**2 + 192*u - 2512. What is g(14)?
-20
Let a(l) = -33*l + 219. Give a(6).
21
Let p(t) = -36*t + 511. Give p(7).
259
Let n(b) = 164*b**2 - 3*b + 3. What is n(1)?
164
Let o(s) = -3*s**2 - 77*s - 21. Determine o(-24).
99
Let d(w) = 3*w**2 + 33*w - 143. Determine d(-15).
37
Let h(a) = -a**3 - 14*a**2 + 26*a + 73. Give h(3).
-2
Let t(i) = -81*i - 1257. Determine t(-14).
-123
Let i(x) = 2*x**2 - 23*x - 711. Calculate i(-14).
3
Let o(v) = -2*v**3 - 65*v**2 - 485*v - 28. Determine o(-21).
14
Let a(c) = 3*c**3 + 69*c**2 - 4*c - 118. Give a(-23).
-26
Let m(k) = 4*k**2 + 30*k - 74. Calculate m(-9).
-20
Let q(u) = u**2 - 9*u - 136. Determine q(15).
-46
Let w(g) = -9*g**3 - g**2 + 4*g. Calculate w(2).
-68
Let v(n) = -n**3 - 24*n**2 + 27*n + 49. Give v(-25).
-1
Let o(n) = 3*n**3 + 55*n**2 - 43*n + 45. Determine o(-19).
140
Let a(i) = -5*i**3 + i**2 - 23*i + 47. Give a(2).
-35
Let b(w) = -w**2 + 19*w + 5. Calculate b(15).
65
Let x(z) = -34*z - 181. What is x(-6)?
23
Let w(z) = -40*z - 1233. What is w(-31)?
7
Let o(h) = -51*h**2 + 109*h + 28. Determine o(3).
-104
Let j(o) = o**3 + 36*o**2 - 493*o - 1515. Calculate j(-46).
3
Let v(n) = 6*n**3 + 327*n**2 - 161*n + 226. What is v(-55)?
6
Let a(k) = -k**3 - 17*k**2 + 17*k - 32. Give a(-17).
-321
Let a(d) = d**3 - 9*d**2 + d. What is a(2)?
-26
Let g(j) = 125*j + 24756. Determine g(-198).
6
Let c(p) = -p**3 - 36*p**2 + 135*p + 698. What is c(-39)?
-4
Let u(b) = -3*b**3 - 31*b**2 + 6*b - 162. What is u(-11)?
14
Let r(b) = 255*b + 73. What is r(1)?
328
Let a(c) = 22*c - 28. Calculate a(9).
170
Let u(q) = -q**2 - 80*q - 1008. What is u(-16)?
16
Let v(f) = 26*f + 155. What is v(-7)?
-27
Let n(u) = -u**3 - 25*u**2 - 172*u + 6. Give n(-16).
454
Let a(x) = -283*x**3 - 1700*x**2 - 14*x - 6. Give a(-6).
6
Let k(y) = -84*y - 497. Calculate k(-6).
7
Let j(l) = -l**2 - 127*l - 3818. Calculate j(-78).
4
Let a(x) = -4*x**2 - 1565*x + 7930. Determine a(5).
5
Let h(y) = 728*y - 12. Give h(0).
-12
Let u(g) = 6*g**2 + 8*g - 15. Determine u(5).
175
Let i(q) = 4*q**2 - 104*q - 99. Determine i(27).
9
Let k(c) = 23*c + 26. Calculate k(-1).
3
Let r(q) = -205*q**2 + 207*q. Calculate r(1).
2
Let l(d) = 4*d**3 + 206*d**2 + 111*d + 453. Calculate l(-51).
-6
Let o(z) = 74*z + 6. Determine o(-2).
-142
Let k(x) = 11*x**2 - 565*x - 367. Give k(52).
-3
Let a(v) = -2*v**2 + 48*v + 17. Calculate a(24).
17
Let k(f) = -f**3 + 32*f**2 + 111*f + 25. What is k(-3)?
7
Let p(q) = 2*q**3 - 45*q**2 - 71*q + 1100. Calculate p(23).
-4
Let h(m) = m**2 + 5*m - 13. What is h(5)?
37
Let i(h) = -77*h. What is i(-1)?
77
Let t(z) = 80*z + 425. Calculate t(-6).
-55
Let j(u) = u**3 - 2*u**2 + 2*u + 42. Calculate j(0).
42
Let c(k) = 20*k**2 - 240*k - 737. Give c(-3).
163
Let q(s) = -s**2 + 10*s - 11. Give q(4).
13
Let j(d) = d**2 + 663*d + 2. What is j(0)?
2
Let s(m) = -m**3 - 28*m**2 - 33*m - 181. Give s(-27).
-19
Let n(s) = -8*s**2 - 619*s - 826. What is n(-76)?
10
Let l(t) = -91*t - 1574. What is l(-18)?
64
Let v(u) = -u**3 - 3*u**2 + 88*u - 33. Calculate v(8).
-33
Let o(b) = -20*b - 101. Determine o(-8).
59
Let k(j) = 155*j - 1515. Give k(10).
35
Let i(a) = -a**3 - 44*a**2 + 148*a - 248. Determine i(-47).
-577
Let u(t) = -t**3 - 10*t**2 - 12*t - 29. Determine u(-9).
-2
Let v(k) = -19*k + 1726. What is v(90)?
16
Let k(u) = 23*u - 17. Give k(-23).
-546
Let k(l) = l**3 + 4*l**2 - 24*l + 233. Calculate k(-9).
44
Let h(b) = -1348*b - 10818. Give h(-8).
-34
Let k(c) = 15*c + 18. Calculate k(20).
318
Let k(x) = -8*x - 290. Calculate k(-7).
-234
Let g(h) = 10*h**3 - 21*h**2 + 7*h - 4. Determine g(2).
6
Let j(v) = -v**2 + 13*v - 38. Calculate j(2).
-16
Let i(c) = c**2 + 635*c + 5638. What is i(-9)?
4
Let o(j) = 2*j**3 + 2*j**2 + 1. Calculate o(5).
301
Let c(s) = s**2 - 97*s - 2196. Calculate c(116).
8
Let y(x) = -11*x**2 + 1284*x - 1286. Give y(1).
-13
Let f(n) = 2*n**3 + 57*n**2 - 33*n - 73. Calculate f(-29).
43
Let n(s) = s**3 + 16*s**2 + 40*s + 731. What is n(-15)?
356
Let s(l) = -18*l**2 - 630*l + 9. Determine s(-35).
9
Let p(h) = -h**2 + 71*h - 1228. Determine p(41).
2
Let v(w) = -66*w - 2318. What is v(-35)?
-8
Let b(w) = -w**3 + 28*w**2 - 30*w + 4. Give b(27).
-77
Let x(i) = i**2 - 27*i - 235. Determine x(27).
-235
Let p(w) = -106*w - 9102. Give p(-86).
14
Let h(p) = -p**3 + 12*p**2 + 25*p + 41. Calculate h(14).
-1
Let j(r) = -r**3 + 4*r. Determine j(3).
-15
Let u(b) = -2*b - 233. Give u(-98).
-37
Let p(h) = 37*h + 21. Determine p(-5).
-164
Let n(d) = 19*d - 192. Give n(12).
36
Let m(h) = -7*h**2 + 1875*h - 1605. Calculate m(267).
-3
Let a(l) = l**2 + 45*l + 208. Calculate a(-39).
-26
Let h(l) = -l**2 + 110*l - 1017. What is h(10)?
-17
Let w(y) = -y**2 + 19*y - 49. Give w(27).
-265
Let v(h) = -h**3 - 20*h**2 - 92*h + 17. Calculate v(-13).
30
Let j(t) = -77*t - 6088. Calculate j(-79).
-5
Let o(m) = 24*m**3 - 79*m**2 + 18*m + 1. What is o(3)?
-8
Let c(n) = 93*n - 3156. What is c(34)?
6
Let l(u) = u**2 - 47*u - 218. Determine l(-4).
-14
Let v(o) = 14*o**3 - 9*o**2 + 19*o + 2. Determine v(4).
830
Let g(m) = m**2 - 47*m + 149. What is g(37)?
-221
Let d(q) = -6*q + 109. Calculate d(27).
-53
Let f(b) = 22*b - 795. Determine f(9).
-597
Let y(l) = 13*l**2 + 32*l + 163. Determine y(-8).
739
Let j(u) = -218*u + 7641. Give j(35).
11
Let j(o) = -3*o - 141. Give j(16).
-189
Let o(r) = 2*r**2 + 9*r - 149. What is o(-10)?
-39
Let m(w) = 96*w**3 - 9*w - 7. Give m(-1).
-94
Let o(m) = -m**2 + 353*m - 2759. Determine o(345).
1
Let r(z) = -1094*z + 1120. Give r(1).
26
Let r(g) = 12*g**2 - 347*g - 2549. Calculate r(35).
6
Let l(v) = v**3 - 51*v**2 - 164*v + 109. Calculate l(54).
1
Let q(v) = -2*v**3 + 57*v**2 + 18*v + 53. Give q(29).
-266
Let w(k) = -62*k - 128. Calculate w(-1).
-66
Let r(z) = 4*z**2 - 124*z + 658. What is r(16)?
-302
Let v(r) = -50*r - 177. What is v(-7)?
173
Let p(a) = a**3 - 2*a**2 - 15*a + 3. Determine p(7).
143
Let v(a) = -a**3 + 5*a**2 + 11*a + 250. Determine v(9).
25
Let n(f) = 70*f + 1853. Give n(-27).
-37
Let t(c) = -2*c**3 + 6*c**2 + 18*c + 13. What is t(5)?
3
Let a(s) = 46*s**3 + s**2 - 19. Determine a(0).
-19
Let f(d) = d**3 - d**2 - 54*d - 31. Give f(8).
-15
Let r(g) = g**3 + 11*g*